e 14) in base 12?
-149750
What is 17e257 (base 16) in base 14?
2ca611
Convert 148ff0 (base 16) to base 4.
11020333300
Convert -117d48 (base 16) to base 2.
-100010111110101001000
Convert -100100101001010010111001 (base 2) to base 11.
-5471417
-1000010011101110001 (base 2) to base 10
-272241
Convert 30133 (base 9) to base 11.
13965
What is -220230313002 (base 4) in base 2?
-101000101100110111000010
Convert 12014 (base 10) to base 13.
5612
-341154 (base 6) to base 14
-a6d0
Convert 311440303 (base 6) to base 2.
10100100110110011101111
What is -11111022221211 (base 3) in base 7?
-26204413
Convert c36717 (base 13) to base 6.
241350400
-33d53 (base 16) to base 3
-101210020020
Convert 113546 (base 11) to base 2.
101100000001110100
Convert -10111101000100101001 (base 2) to base 14.
-162333
What is -31202113 (base 4) in base 2?
-1101100010010111
What is -4214245 (base 6) in base 10?
-204437
What is 15413465 (base 7) in base 6?
51440145
Convert -94c989 (base 13) to base 9.
-6488876
What is -262031616 (base 7) in base 3?
-1011110011022110
Convert -20110110010 (base 3) to base 10.
-127173
What is -1001100011011000 (base 2) in base 10?
-39128
528b (base 14) to base 9
21466
Convert 3672107 (base 8) to base 9.
1813271
453533 (base 16) to base 13
c2a5b7
68a0a (base 12) to base 10
139690
What is 2856720 (base 10) in base 2?
1010111001011100010000
What is 12a1cb (base 14) in base 10?
642471
What is -a31ebe (base 15) in base 16?
-764a89
Convert 5146164 (base 8) to base 14.
276a56
What is 122100101221 (base 3) in base 13?
bc569
What is -42374a (base 14) in base 16?
-222566
What is 82662 (base 10) in base 16?
142e6
What is -2022021122100 (base 3) in base 2?
-100101011010010111101
10111011110111011010 (base 2) to base 3
1110002112221
-524291 (base 11) to base 13
-235580
What is 10b946 (base 16) in base 15?
169b21
What is -100211323130 (base 4) in base 12?
-15591b8
Convert -505664 (base 7) to base 14.
-23534
Convert -1100632 (base 7) to base 2.
-100000111001110101
704767 (base 12) to base 13
4935ca
What is -100221010112112 (base 3) in base 7?
-62600441
2110033111 (base 4) to base 11
385210
Convert -3419ac (base 14) to base 13.
-4a0600
-32022320 (base 5) to base 2
-1000001001111001010
-3441530 (base 6) to base 9
-288310
Convert -1011021220 (base 3) to base 8.
-54434
1401a61 (base 11) to base 5
1104341443
Convert 351011053 (base 6) to base 11.
3730637
What is 36872 (base 14) in base 5?
13232010
Convert 3aa8180 (base 11) to base 13.
160c908
-290417 (base 11) to base 7
-3601463
What is -838468 (base 15) in base 12?
-2117875
What is 1103608 (base 9) in base 13?
179cb7
-6581 (base 11) to base 7
-34210
Convert -4eed0 (base 15) to base 3.
-110212011220
2101622 (base 7) to base 3
110211201102
-35165173 (base 8) to base 11
-43637aa
Convert -464b1 (base 15) to base 16.
-36a48
Convert 3eb0a (base 16) to base 10.
256778
-6a180 (base 13) to base 4
-233101021
Convert -387119 (base 10) to base 16.
-5e82f
c3b903 (base 13) to base 2
10001011010111101101010
42661050 (base 8) to base 14
12dad3a
What is 353334 (base 6) in base 9?
45854
Convert 286688 (base 9) to base 2.
101010110110100110
Convert -5ae3a (base 15) to base 16.
-46d20
Convert 13144125 (base 7) to base 8.
4460165
What is 231221323 (base 5) in base 8?
3755163
Convert -5c50ac (base 13) to base 4.
-20123220110
2022102020 (base 5) to base 7
46553000
Convert 20ca4 (base 14) to base 10.
79328
What is -9bd3b (base 16) in base 6?
-21402535
Convert -5b85d4 (base 14) to base 9.
-5807136
What is -3414542 (base 6) in base 10?
-173438
What is -1166243 (base 8) in base 11?
-200515
What is 532a14 (base 11) in base 10?
853065
Convert 70905 (base 12) to base 8.
436025
-34c1b (base 13) to base 11
-66579
Convert -bcdd (base 15) to base 7.
-224500
What is -540104 (base 7) in base 13?
-33851
What is 6810018 (base 9) in base 10?
3667616
What is 91160 (base 10) in base 8?
262030
3561767 (base 9) to base 10
1930291
Convert -469805 (base 14) to base 4.
-21023321331
Convert 93164 (base 10) to base 16.
16bec
49821 (base 12) to base 2
11000010101011001
Convert 263a6 (base 13) to base 15.
1604c
Convert 147013 (base 12) to base 15.
6bd5c
What is -261200 (base 9) in base 4?
-212222103
What is 302221202121 (base 4) in base 5?
11344333322
What is -9640 (base 16) in base 10?
-38464
Convert -1d6ca (base 15) to base 14.
-27000
23143421 (base 5) to base 4
303011110
-1230445 (base 7) to base 3
-22001200121
75c80 (base 13) to base 16
34034
Convert 11000010010101100101 (base 2) to base 9.
1442820
What is -422224 (base 7) in base 5?
-4312312
What is 567851 (base 9) in base 14?
8c0ac
What is 158847 (base 9) in base 15?
1e237
What is 12a329 (base 14) in base 16?
9cea1
Convert 2020313 (base 4) to base 2.
10001000110111
What is 260000 (base 7) in base 6?
1010152
19c20 (base 16) to base 8
316040
-1001202121 (base 3) to base 9
-31677
-11011111001100000 (base 2) to base 7
-654104
-438658 (base 16) to base 4
-100320121120
Convert 168ee2 (base 16) to base 15.
1e3080
What is 2bb34 (base 13) in base 10?
83191
What is -1137130 (base 8) in base 4?
-1023321120
Convert -a21713 (base 11) to base 15.
-2267a9
Convert 2022101210000 (base 3) to base 13.
340062
-1b632d (base 15) to base 11
-833743
34581 (base 13) to base 6
2013433
What is -221c4b (base 13) in base 12?
-329338
Convert -abe10 (base 16) to base 13.
-1b85a1
Convert -222554413 (base 6) to base 3.
-21122012121200
-21001120200 (base 3) to base 5
-13421213
What is -3313231330 (base 4) in base 14?
-1c5ab2
What is -3035334 (base 9) in base 13?
-44856a
35463 (base 8) to base 15
4755
-1335837 (base 9) to base 4
-2302312312
Convert 111000110011101010 (base 2) to base 12.
b27a2
-9796819 (base 10) to base 6
-545551351
60930a (base 16) to base 14
baa746
Convert -11043001 (base 6) to base 9.
-556001
What is c44c (base 14) in base 7?
200325
Convert -4a22a (base 11) to base 2.
-10001100111010100
Convert 110101011100100 (base 2) to base 13.
c5bc
What is -1820f (base 16) in base 15?
-1e43b
-23303112100 (base 4) to base 8
-13632620
-21336452 (base 7) to base 16
-1bd78a
Convert 17136304 (base 8) to base 13.
a94a21
11100100001000101000011 (base 2) to base 14
dc845d
-b984 (base 14) to base 12
-16680
What is -1422514 (base 8) in base 15?
-7e50e
Convert -1516542 (base 8) to base 3.
-211000122210
Convert 1023031310 (base 4) to base 13.
aa2ca
What is 2f3cc3 (base 16) in base 4?
23303303003
-45041300 (base 6) to base 8
-5135304
What is 11013420 (base 5) in base 9?
154110
-31204441 (base 5) to base 3
-111001100202
What is 35000455 (base 6) in base 5?
233321032
12002120112022 (base 3) to base 10
2707892
Convert -7a68b (base 14) to base 8.
-1105263
-1200234101 (base 5) to base 4
-22131223302
10110211202002 (base 3) to base 13
4c8977
What is -12221120 (base 4) in base 11?
-194aa
Convert 12e6bd (base 15) to base 9.
1635417
What is 4a011b (base 13) in base 7?
21024123
-a0ae9 (base 15) to base 8
-1741457
Convert -a3a512 (base 15) to base 2.
-11101101011100010100101
Convert 10100010002122 (base 3) to base 12.
716568
What is -110b (base 14) in base 16?
-b87
-2f692a (base 16) to base 10
-3107114
What is -11332245 (base 6) in base 4?
-1112200211
1abdc (base 14) to base 5
4140311
What is 2423240420 (base 5) in base 14?
a7c34b
221d4 (base 15) to base 16
1a788
1692571 (base 11) to base 7
33264016
What is -2206476 (base 8) in base 2?
-10010000110100111110
What is 46324614 (base 7) in base 13?
ac0794
What is -390986 (base 11) in base 6?
-21112201
Convert 78a537 (base 11) to base 15.
19cd10
What is -121499 (base 10) in base 12?
-5a38b
Convert -137827 (base 10) to base 4.
-201221203
What is -8652275 (base 9) in base 15?
-619d95
What is -5096201 (base 10) in base 14?
-969305
Convert 256136 (base 11) to base 15.
7e81d
Convert 134159 (base 13) to base 7.
3650423
-300323302 (base 4) to base 11
-127653
What is 113870 (base 10) in base 6?
2235102
What is 101111010111001101010 (base 2) in base 8?
5727152
What is -88237 (base 9) in base 8?
-162224
What is -1de8a3 (base 15) in base 4?
-11212011033
What is 101010111100101011010111 (base 2) in base 9?
23158776
What is 1139127 (base 11) in base 5?
1002114124
What is 42454260 (base 7) in base 5?
1411011330
-2420043303 (base 5) to base 9
-11527081
42ce7 (base 15) to base 11
13544a
What is 41442422 (base 5) in base 11?
215081